e prime factors of q?
2, 23, 337
Let f = -169 - -175. List the prime factors of (46 - -25)*(f + -1).
5, 71
Let b(f) = -9*f - 22. Let i(w) = -3*w + 17. Suppose -12 = 2*d - 28. Let u be i(d). What are the prime factors of b(u)?
41
Let x(u) = -u**2 + 10*u + 9. Let r be x(8). Suppose 0 = 5*h - r, -4*l - 2*h + 356 = -6*h. What are the prime factors of l?
2, 47
Let m be (25685/10)/(4 + (-35)/10). Suppose m = -81*x + 92*x. List the prime factors of x.
467
Suppose 215*w - 10*w = 4083295 + 2146655. List the prime factors of w.
2, 3, 5, 1013
Let o = -316 - -266. Let g = o + 649. List the prime factors of g.
599
Let s(b) = 15 + 0*b + 17 + 8*b. Suppose -76 = -7*d - 48. What are the prime factors of s(d)?
2
Let x(l) be the second derivative of 7*l**4/3 + l**3 + 11*l**2/2 + 2*l - 6. List the prime factors of x(-5).
3, 227
Let i = 20 + -17. Suppose -7 = -l + i*g, 2*l + g + g = 6. Suppose -l*t - f - 2*f + 451 = 0, 3*t + 3*f = 336. List the prime factors of t.
5, 23
Suppose 0 = -4*b - 5*t + t, -3*t + 2 = 4*b. Let f be (0 - 1/b) + (-6)/(-4). List the prime factors of 345/3 - (f + -1).
5, 23
Suppose -4*b + 46 = -318. Suppose -97 + 417 = 10*n. Let w = b - n. What are the prime factors of w?
59
Suppose 60163 - 123759 = -9*s + 116548. List the prime factors of s.
2, 3, 139
List the prime factors of (2989 + -4)/((5 + -14)/(-261)).
3, 5, 29, 199
Let r = 77 - 74. Suppose 5*w = -r*v + 467, -4*v + 5*w - 62 + 673 = 0. Suppose 0*q = -q + v. What are the prime factors of q?
2, 7, 11
List the prime factors of (-13)/(247/361) + 17100.
19, 29, 31
Let d = 3147 - 1587. List the prime factors of d.
2, 3, 5, 13
Let x = -15 + 9. List the prime factors of (-3827)/(-9) - (x/(-27) + 0).
5, 17
Suppose -258*i - 2612 = -260*i. Suppose 2*b - 241 - i = -3*k, -k + 3835 = 5*b. What are the prime factors of b?
2, 383
Suppose 7*m = 11 + 17. Suppose 0 = m*f + 4*o, f - 2 = o - 10. List the prime factors of ((-43)/f)/(2/16).
2, 43
What are the prime factors of (292*(-7)/(-140))/(-5 + 15104/3020)?
73, 151
Let g(m) = m**3 - 13*m**2 - 18*m - 29. Let l be 11/((-11)/(-16)) - 1. What are the prime factors of g(l)?
151
Let r(o) = 4*o**3 - 79*o**2 + 36*o + 547. List the prime factors of r(31).
2, 103, 109
Suppose 5*c = -l + 28, -7*l + 2*l = 5*c - 40. Suppose -4*i + 1002 = -2*x, 0 = -4*i + i - l*x + 738. List the prime factors of i.
3, 83
Let h(y) = -359*y**3 - 11*y**2 - 7*y - 4. What are the prime factors of h(-2)?
2, 3, 11, 43
Let u(m) = -68*m + 110. Let i(h) = -2*h - 1. Let j(p) = -3*i(p) - u(p). What are the prime factors of j(8)?
5, 97
Suppose -37*a + 27744 = -0*a - 1078519. What are the prime factors of a?
29, 1031
Let p be (11/33)/((-8)/6 + 1). List the prime factors of (25/(-1) + p)*(32 - 45).
2, 13
Let m be (-22146)/(-18) + 2/((-6)/1). Suppose -m = -3*k - 3*n, 0 = -5*k - 3*n + 650 + 1392. What are the prime factors of k?
2, 7, 29
Suppose 3*q - 2*z = 7666, -3911 = -3*q - 2*z + 3771. List the prime factors of q.
2, 1279
Suppose -2*a + 3*b - 471 = 0, 3*a + b = 2*b - 689. Let g = 103 + a. Let k = g + 189. List the prime factors of k.
2
Suppose -4*n = 4*n - 112. Suppose -n*k = -12*k - 46. Suppose 0 = -x + k + 176. What are the prime factors of x?
199
Suppose -5*o - 2 - 28 = 0. Let f(q) = -2*q**3 + 18*q**2 - 6*q + 112. Let d be f(10). Let u = o - d. What are the prime factors of u?
2, 71
Let w = 30 - 14. Let p(h) = w*h**2 - 15*h**2 + 2 + 7*h - h. What are the prime factors of p(7)?
3, 31
Suppose 10 = 3*q + 1. Suppose 0 = -9*u + q*u + 672. Suppose 5*j = u + 318. List the prime factors of j.
2, 43
Let s(r) = 11*r**2 + r + 12. Let k = 390 + -386. List the prime factors of s(k).
2, 3
Let j(t) = t**3 - 3*t**2 - 3*t + 3. Let z be j(3). Let x = z - -87. Suppose 14*p - 15*p = -x. List the prime factors of p.
3
Suppose -45 = -5*m + 4*o, 0 = 4*m - 9*m + o + 45. Suppose 0 = -m*s + 449 + 631. What are the prime factors of s?
2, 3, 5
Let w = -133 + 129. Let m(l) = 4*l**2 - 4*l - 5. What are the prime factors of m(w)?
3, 5
Let t(x) = -51*x - 87. Let c = -167 - -159. What are the prime factors of t(c)?
3, 107
Suppose -5*t - 992 = 24*j - 28*j, 0 = -j - 5*t + 248. Let b = 267 + j. What are the prime factors of b?
5, 103
Let q(g) = 309*g + 15955. List the prime factors of q(-17).
2, 5351
Let y(w) = w + 10. Let o be y(-5). Suppose 8*p - 3*n = 5*p + 3618, o*n - 3578 = -3*p. List the prime factors of p.
1201
Suppose 9*i + 308326 = 44*i - 962104. List the prime factors of i.
2, 18149
Suppose -158657 = -20*g + 261783. List the prime factors of g.
2, 23, 457
List the prime factors of ((-2037)/(-2))/((-2)/4*2/(-12)).
2, 3, 7, 97
Let m = 1707 + 1145. List the prime factors of m.
2, 23, 31
Let t(u) be the third derivative of -u**5/60 - 19*u**4/24 - 11*u**3/6 + 13*u**2. Let g be t(-17). Suppose g + 83 = 2*c. List the prime factors of c.
53
Let h = 76 - 74. Suppose 0 = 2*t + h*t. Suppose -2*s + 0*s - u + 293 = t, 4*s = -3*u + 591. List the prime factors of s.
2, 3
Suppose 5*l - 37 = 3*f + 30, 3*f = 2*l - 52. Let z be 20358/(-91) + (-10)/f + -1. Let u = 349 + z. What are the prime factors of u?
5
Suppose 20*n = o + 17*n - 37648, 0 = o + 3*n - 37642. List the prime factors of o.
5, 7529
Let i(s) = -7*s**2 - 2*s**2 + 10*s**2 + 535 + 381 - s**3. What are the prime factors of i(0)?
2, 229
Suppose 4*y + z = 4*z + 3, 5*y - 4 = 4*z. Suppose 4*v - 2479 = 3*b - 598, 2*v + 2*b - 930 = y. List the prime factors of v.
2, 3, 13
Suppose 2*w - 3 + 4 = 5*z, 2*w = -4*z + 8. Suppose -b - 1563 = -5*c + 389, w*c - 788 = -2*b. List the prime factors of c.
17, 23
Suppose -212*i + 4774 = -205*i. Let o(y) = 113*y + 1. Let g be o(2). Suppose -i + g = -5*k. List the prime factors of k.
7, 13
Suppose 67*u = 39*u + 41*u - 90974. What are the prime factors of u?
2, 3499
Let m(s) = -12*s**3 + 18*s**2 - 5*s - 73. List the prime factors of m(-6).
23, 139
Let t(p) = 2*p**2 + 116*p - 382. List the prime factors of t(-133).
2, 1223
Let t = -1410 - -1418. Suppose -5*p + 4*w + 29 + 11 = 0, 4*p + 5*w = -9. Suppose -p*n = 5*f - t*f + 104, -5*n - 10 = 0. What are the prime factors of f?
2
Let o = 25549 + -10113. What are the prime factors of o?
2, 17, 227
Let g(s) = s**2 + 21*s + 42. Let x be g(-2). Suppose -x*q = -n + 305, -1086 = -4*n + 3*q + 186. What are the prime factors of n?
3, 107
Suppose 7*l + 6 = 10*l. Suppose 5*m = 3*j - 521, 5*m = l*j - j - 517. Let d = m - -128. List the prime factors of d.
5
Suppose 23*d - 1527940 = -38*d + 1406404. What are the prime factors of d?
2, 7, 859
Suppose -305*u - 11760 = -325*u. What are the prime factors of u?
2, 3, 7
Suppose -3*f = f + 3033 - 12917. List the prime factors of f.
7, 353
Suppose 201*v - 3515501 = -208*v + 9041617. What are the prime factors of v?
2, 3, 7, 17, 43
Let a(x) = -15*x - 70. Let b be a(-5). What are the prime factors of ((-336)/b)/(1770/(-350) - -5)?
2, 3, 7
Let r(v) be the third derivative of -39*v**2 + 5/6*v**3 + 0*v + 0 - 245/24*v**4. What are the prime factors of r(-1)?
2, 5
Suppose -2*a + 3 = -5*s - 32, -45 = -4*a + 5*s. Suppose 3 = -4*w + a*u, -9 = -0*w + 2*w - 5*u. List the prime factors of 3/w*(31 - 2).
29
Let v = -79 - -86. Let l(x) = x**3 - 7*x**2 + 3*x - 18. Let o be l(v). Suppose -8*a = -4*a - o*b - 562, 0 = 3*a + 3*b - 411. List the prime factors of a.
139
Suppose -34765 = -10*o + 10545. List the prime factors of o.
23, 197
Let y = -642 + 675. What are the prime factors of (-11)/(y/(-1638)) + 4?
2, 5, 11
Let p = 56375 + -38030. What are the prime factors of p?
3, 5, 1223
Suppose 55861 = 3*j + 2*v, -2*j - 19*v = -18*v - 37242. What are the prime factors of j?
11, 1693
Let x(a) = 7*a**2 - 3*a + 4. Let g be x(1). Let i be 15*4/12 + g/(-4). Suppose -3*o - 93 = -i*l, 16 = l - 3*o - 21. List the prime factors of l.
2, 7
Let p(u) = 124*u**2 - 11*u - 115. Let a be p(-11). Suppose 4912 = -9*m + a. List the prime factors of m.
2, 3, 11, 17
Let n(j) = -54*j**3 + 48*j**2 + 11*j + 84. List the prime factors of n(-8).
2, 7, 1097
Suppose -3*l + 0*l = -3*j + 84, 0 = -2*l - j - 68. Let q = l + 57. What are the prime factors of 382/10 + (-5)/q?
2, 19
What are the prime factors of ((-32814)/(-3))/(6/4)?
2, 1823
Let y(w) = -w**2 - 11*w. Let c be y(-19). Let s = c + 178. Suppose -29*m + 387 = -s*m. List the prime factors of m.
3, 43
Let t(x) = 2 + 24*x + 2 + 2 - 25*x. Let z be t(3). Suppose i = -z*l + 229